{"id":1531,"date":"2022-07-20T10:13:13","date_gmt":"2022-07-20T09:13:13","guid":{"rendered":"http:\/\/szalayautosiskola.hu\/site\/?page_id=1531"},"modified":"2026-01-05T13:02:58","modified_gmt":"2026-01-05T12:02:58","slug":"oktatoink","status":"publish","type":"page","link":"https:\/\/szalayautosiskola.hu\/site\/oktatoink\/","title":{"rendered":"Oktat\u00f3ink"},"content":{"rendered":"\n\t<style>\nh2\n{width:60%;\ndisplay: block;\nmargin-left:auto;\nmargin-right:auto;\ncolor:#ff6600;\nline-height:24px;\nfont-size:22px;\n}\n<\/style>\n<h2 align=\"center\" >B-B Szalay \u00c9va <br><i>Iskolavezet\u0151<\/i><\/h2>\n<h2 align=\"center\">Buz\u00e1s-Bandi J\u00e1nos <br><i>Iskolavezet\u0151 helyettes<\/i><\/h2>\n<h2 align=\"center\">Zsatku Krisztina <br><i>\u00dcgyint\u00e9z\u0151<\/i><\/h2>\n\t<style>\nh4 a{color:white;\n}\nh4 a:hover{color:#03cafc;\n}\n.paragraph\n{width:60%;\ndisplay: block;\nmargin-left:auto;\nmargin-right:auto;\ncolor:#ff6600;\n}\n@media only screen and (max-width: 960px) {\n  \/* For mobile phones: *\/\n  [class*=\"paragraph\"] {\n    width: 100%;\n  }\n}\n<\/style>\n<h2>\u00dcdv\u00f6zl\u00f6m az aut\u00f3siskola honlapj\u00e1ra l\u00e1togat\u00f3kat!<\/h2>\n<h4>Az aut\u00f3siskola 2003 okt\u00f3ber\u00e9ben alakult, 14 \u00e9ves szakmai tapasztalat ut\u00e1n.\nAz eltelt \u00e9vek alatt jelent\u0151s v\u00e1ltoztat\u00e1sokkal \u00e9s fejleszt\u00e9sekkel n\u00f6velt\u00fck a szolg\u00e1ltat\u00e1s sz\u00ednvonal\u00e1t, figyelve tanul\u00f3ink \u00e9s \u00e9rdekl\u0151d\u0151ink korrekt t\u00e1j\u00e9koztat\u00e1s\u00e1ra. A tanfolyamra jelentkez\u0151k sz\u00e1ma az \u00e9vek sor\u00e1n egyre jobban emelkedik.\nSz\u00e1munkra nagy \u00f6r\u00f6m, hogy vizsgaeredm\u00e9nyess\u00e9g\u00fcnk nem romlott, s\u0151t javult, ezzel emelve a k\u00e9pz\u00e9s sz\u00ednvonal\u00e1t. Iskol\u00e1nk teljes m\u00e9rt\u00e9kben elk\u00f6telezett a min\u0151s\u00e9g ir\u00e1nt, ez\u00e9rt  bevezett\u00fck iskol\u00e1nkban az e-Learning t\u00e1voktat\u00e1st, melyhez a tananyagot az <a href=\"https:\/\/edukresz.hu\/\">edukresz<\/a> biztos\u00edtja. A j\u00f3 eredm\u00e9nyhez term\u00e9szetesen n\u00e9lk\u00fcl\u00f6zhetetlen a sok-sok t\u00fcrelem, seg\u00edt\u0151k\u00e9szs\u00e9g \u00e9s emp\u00e1tia. Els\u0151dleges feladatunk a biztons\u00e1gos k\u00f6zleked\u00e9sre val\u00f3 felk\u00e9sz\u00edt\u00e9s. Ennek \u00e9rdek\u00e9ben munkat\u00e1rsainkkal szemben szigor\u00fa szakmai emberi \u00e9s etikai elv\u00e1r\u00e1sokat t\u00e1masztunk. Oktat\u00f3i csapatunkban kiz\u00e1r\u00f3lag nagy tapasztalattal rendelkez\u0151, t\u00fcrelmes \u00e9s megfelel\u0151en k\u00e9pes\u00edtett elm\u00e9leti \u00e9s gyakorlati munkat\u00e1rsakat alkalmazunk.\nN\u00e1lunk a vizsg\u00e1ztat\u00e1s egy helyen a szigetszentmikl\u00f3si vizsgab\u00e1zison t\u00f6rt\u00e9nik.\nHa t\u00e1j\u00e9koztat\u00f3nk felkeltette \u00e9rdekl\u0151d\u00e9s\u00e9t, v\u00e1rjuk jelentkez\u00e9s\u00e9t, t\u00fcrelmes oktat\u00f3inkkal.<\/h4>\n<h4><b>Buz\u00e1s-Bandin\u00e9 Szalay \u00c9va<\/b><br>\n<i>iskolavezet\u0151<\/i><\/h4>\n\t<style>\n.box\n{width:60%;\nmargin-left:auto;\nmargin-right:auto;\nmargin-top:100px;\nmargin-bottom:100px;\n}\n@media only screen and (max-width: 960px) {\n  \/* For mobile phones: *\/\n  [class*=\"box\"] {\n    width: 100%;\n    margin-top:30px;\n    margin-bottom:30px;\n  }\n}\n<\/style>\n<table align=\"center\"  styles=\"border:none;\">\n    <tr>\n        <td>\n            <img decoding=\"async\" src=\"http:\/\/szalayautosiskola.hu\/site\/wp-content\/uploads\/2022\/07\/group1_min.jpg\" width=\"100%\">\n        <\/td>\n    <\/tr>\n    <tr>\n        <td height=\"20px\"><\/td>\n    <\/tr>\n    <tr>\n        <td>\n            <img decoding=\"async\" src=\"http:\/\/szalayautosiskola.hu\/site\/wp-content\/uploads\/2022\/07\/group2_min.jpg\" width=\"100%\">\n        <\/td>\n    <\/tr>\n<\/table>\n\t<style>\n.box\n{width:60%;\nmargin-top:30px;\nmargin-bottom:30px;\n}\n@media only screen and (max-width: 960px) {\n  \/* For mobile phones: *\/\n  [class*=\"box\"] {\n    width: 100%;\n    margin-top:15px;\n    margin-bottom:15px;\n  }\n}\n<\/style>\n<table align=\"center\" >\n    <tr>\n        <td colspan=\"3\"><img decoding=\"async\" src=\"http:\/\/szalayautosiskola.hu\/site\/wp-content\/uploads\/2022\/07\/1_B_Robert_a_min.jpg\" width=\"100%\"><\/td>\n    <\/tr>\n    <tr>\n        <td colspan=\"3\" height=\"40px\">\n            <b>Bern\u00e1t R\u00f3bert<\/b>\n        <\/td>\n    <\/tr>\n    <tr>\n        <td ><img decoding=\"async\" src=\"http:\/\/szalayautosiskola.hu\/site\/wp-content\/uploads\/2022\/07\/1_B_Robert_b_min.jpg\" width=\"auto\"><\/td>\n        <td width=\"2%\"><\/td>\n        <td><img decoding=\"async\" src=\"http:\/\/szalayautosiskola.hu\/site\/wp-content\/uploads\/2022\/07\/1_B_Robert_c_min.jpg\" width=\"auto\"><\/td>\n    <\/tr>\n<\/table>\n\t<style>\n.box\n{width:60%;\nmargin-top:30px;\nmargin-bottom:30px;\n}\n@media only screen and (max-width: 960px) {\n  \/* For mobile phones: *\/\n  [class*=\"box\"] {\n    width: 100%;\n    margin-top:15px;\n    margin-bottom:15px;\n  }\n}\n<\/style>\n<table align=\"center\" >\n    <tr>\n        <td colspan=\"3\"><img decoding=\"async\" src=\"http:\/\/szalayautosiskola.hu\/site\/wp-content\/uploads\/2022\/07\/2_B_Richard_a_min.jpg\" width=\"100%\"><\/td>\n    <\/tr>\n    <tr>\n        <td colspan=\"3\" height=\"40px\">\n            <b>Bern\u00e1t Rich\u00e1rd<\/b>\n        <\/td>\n    <\/tr>\n    <tr>\n        <td ><img decoding=\"async\" src=\"http:\/\/szalayautosiskola.hu\/site\/wp-content\/uploads\/2022\/07\/2_B_Richard_c_min.jpg\" width=\"auto\"><\/td>\n        <td width=\"2%\"><\/td>\n        <td><img decoding=\"async\" src=\"http:\/\/szalayautosiskola.hu\/site\/wp-content\/uploads\/2022\/07\/2_B_Richard_b_min.jpg\" width=\"auto\"><\/td>\n    <\/tr>\n<\/table>\n\t<style>\n.box\n{width:60%;\nmargin-top:30px;\nmargin-bottom:30px;\n}\n@media only screen and (max-width: 960px) {\n  \/* For mobile phones: *\/\n  [class*=\"box\"] {\n    width: 100%;\n    margin-top:15px;\n    margin-bottom:15px;\n  }\n}\n<\/style>\n<table align=\"center\" >\n    <tr>\n        <td colspan=\"3\"><img decoding=\"async\" src=\"http:\/\/szalayautosiskola.hu\/site\/wp-content\/uploads\/2022\/07\/3_G_Henrik_a_min.jpg\" width=\"100%\"><\/td>\n    <\/tr>\n    <tr>\n        <td colspan=\"3\" height=\"40px\">\n            <b>G\u00e1l Henrik<\/b>\n        <\/td>\n    <\/tr>\n    <tr>\n        <td ><img decoding=\"async\" src=\"http:\/\/szalayautosiskola.hu\/site\/wp-content\/uploads\/2022\/07\/3_G_Henrik_b_min.jpg\" width=\"auto\"><\/td>\n        <td width=\"2%\"><\/td>\n        <td><img decoding=\"async\" src=\"http:\/\/szalayautosiskola.hu\/site\/wp-content\/uploads\/2022\/07\/3_G_Henrik_c_min.jpg\" width=\"auto\"><\/td>\n    <\/tr>\n<\/table>\n\t<style>\n.box\n{width:60%;\nmargin-top:30px;\nmargin-bottom:30px;\n}\n@media only screen and (max-width: 960px) {\n  \/* For mobile phones: *\/\n  [class*=\"box\"] {\n    width: 100%;\n    margin-top:15px;\n    margin-bottom:15px;\n  }\n}\n<\/style>\n<table align=\"center\" >\n    <tr>\n        <td colspan=\"3\"><img decoding=\"async\" src=\"http:\/\/szalayautosiskola.hu\/site\/wp-content\/uploads\/2022\/07\/4_B_Laszlo_a_min.jpg\" width=\"100%\"><\/td>\n    <\/tr>\n    <tr>\n        <td colspan=\"3\" height=\"40px\">\n            <b>Boda L\u00e1szl\u00f3<\/b>\n        <\/td>\n    <\/tr>\n    <tr>\n        <td ><img decoding=\"async\" src=\"http:\/\/szalayautosiskola.hu\/site\/wp-content\/uploads\/2022\/07\/4_B_Laszlo_b_min.jpg\" width=\"auto\"><\/td>\n        <td width=\"2%\"><\/td>\n        <td><img decoding=\"async\" src=\"http:\/\/szalayautosiskola.hu\/site\/wp-content\/uploads\/2022\/07\/4_B_Laszlo_c_min.jpg\" width=\"auto\"><\/td>\n    <\/tr>\n<\/table>\n\t<style>\n.box\n{width:60%;\nmargin-top:30px;\nmargin-bottom:30px;\n}\n@media only screen and (max-width: 960px) {\n  \/* For mobile phones: *\/\n  [class*=\"box\"] {\n    width: 100%;\n    margin-top:15px;\n    margin-bottom:15px;\n  }\n}\n<\/style>\n<table align=\"center\"  >\n    <tr>\n        <td colspan=\"3\"><img decoding=\"async\" src=\"http:\/\/szalayautosiskola.hu\/site\/wp-content\/uploads\/2022\/07\/8_V_Robert_a_min.jpg\" width=\"100%\"><\/td>\n    <\/tr>\n    <tr>\n        <td colspan=\"3\" height=\"40px\">\n            <b>Veres R\u00f3bert<\/b>\n        <\/td>\n    <\/tr>\n    <tr>\n        <td ><img decoding=\"async\" src=\"http:\/\/szalayautosiskola.hu\/site\/wp-content\/uploads\/2022\/07\/8_V_Robert_b_min.jpg\" width=\"auto\"><\/td>\n        <td width=\"2%\"><\/td>\n        <td><img decoding=\"async\" src=\"http:\/\/szalayautosiskola.hu\/site\/wp-content\/uploads\/2022\/07\/8_V_Robert_c_min.jpg\" width=\"auto\"><\/td>\n    <\/tr>\n<\/table>\n\t<style>\n.box\n{width:60%;\nmargin-top:30px;\nmargin-bottom:30px;\n}\n@media only screen and (max-width: 960px) {\n  \/* For mobile phones: *\/\n  [class*=\"box\"] {\n    width: 100%;\n    margin-top:15px;\n    margin-bottom:15px;\n  }\n}\n<\/style>\n<table align=\"center\" >\n    <tr>\n        <td colspan=\"3\"><img decoding=\"async\" src=\"http:\/\/szalayautosiskola.hu\/site\/wp-content\/uploads\/2022\/07\/6_H_David_a_min.jpg\" width=\"100%\"><\/td>\n    <\/tr>\n    <tr>\n        <td colspan=\"3\" height=\"40px\">\n            <b>Huba D\u00e1vid<\/b>\n        <\/td>\n    <\/tr>\n    <tr>\n        <td ><img decoding=\"async\" src=\"http:\/\/szalayautosiskola.hu\/site\/wp-content\/uploads\/2022\/07\/6_H_David_b_min.jpg\" width=\"auto\"><\/td>\n        <td width=\"2%\"><\/td>\n        <td><img decoding=\"async\" src=\"http:\/\/szalayautosiskola.hu\/site\/wp-content\/uploads\/2022\/07\/6_H_David_c_min.jpg\" width=\"auto\"><\/td>\n    <\/tr>\n<\/table>\n\t<style>\n.box\n{width:60%;\nmargin-top:30px;\nmargin-bottom:30px;\n}\n@media only screen and (max-width: 960px) {\n  \/* For mobile phones: *\/\n  [class*=\"box\"] {\n    width: 100%;\n    margin-top:15px;\n    margin-bottom:15px;\n  }\n}\n<\/style>\n<table align=\"center\"  >\n    <tr>\n        <td colspan=\"3\"><img decoding=\"async\" src=\"http:\/\/szalayautosiskola.hu\/site\/wp-content\/uploads\/2022\/07\/7_AB_Zsuzsanna_a_min.jpg\" width=\"100%\"><\/td>\n    <\/tr>\n    <tr>\n        <td colspan=\"3\" height=\"40px\">\n            <b>Ambrusn\u00e9 Barab\u00e1s Zsuzsanna<\/b>\n        <\/td>\n    <\/tr>\n    <tr>\n        <td ><img decoding=\"async\" src=\"http:\/\/szalayautosiskola.hu\/site\/wp-content\/uploads\/2022\/07\/7_AB_Zsuzsanna_b_min.jpg\" width=\"auto\"><\/td>\n        <td width=\"2%\"><\/td>\n        <td><img decoding=\"async\" src=\"http:\/\/szalayautosiskola.hu\/site\/wp-content\/uploads\/2022\/07\/7_AB_Zsuzsanna_c_min.jpg\" width=\"auto\"><\/td>\n    <\/tr>\n<\/table>\n\t<style>\n.box\n{width:60%;\nmargin-top:30px;\nmargin-bottom:30px;\n}\n@media only screen and (max-width: 960px) {\n  \/* For mobile phones: *\/\n  [class*=\"box\"] {\n    width: 100%;\n    margin-top:15px;\n    margin-bottom:15px;\n  }\n}\n<\/style>\n<table align=\"center\">\n    <tr>\n        <td colspan=\"3\"><img decoding=\"async\" src=\"http:\/\/szalayautosiskola.hu\/site\/wp-content\/uploads\/2022\/07\/10_BB_Janos_a_min.jpg\" width=\"100%\"><\/td>\n    <\/tr>\n    <tr>\n        <td colspan=\"3\" height=\"40px\">\n            <b>Buz\u00e1s-Bandi J\u00e1nos<\/b>\n        <\/td>\n    <\/tr>\n    <tr>\n        <td ><img decoding=\"async\" src=\"http:\/\/szalayautosiskola.hu\/site\/wp-content\/uploads\/2022\/07\/10_BB_Janos_b_min.jpg\" width=\"auto\"><\/td>\n        <td width=\"2%\"><\/td>\n        <td><img decoding=\"async\" src=\"http:\/\/szalayautosiskola.hu\/site\/wp-content\/uploads\/2022\/07\/10_BB_Janos_c_min.jpg\" width=\"auto\"><\/td>\n    <\/tr>\n<\/table>\n\t<style>\n.box\n{width:60%;\nmargin-top:30px;\nmargin-bottom:30px;\n}\n@media only screen and (max-width: 960px) {\n  \/* For mobile phones: *\/\n  [class*=\"box\"] {\n    width: 100%;\n    margin-top:15px;\n    margin-bottom:15px;\n  }\n}\n<\/style>\n<table align=\"center\" >\n    <tr>\n        <td colspan=\"1\"><img decoding=\"async\" src=\"http:\/\/szalayautosiskola.hu\/site\/wp-content\/uploads\/2022\/07\/9_V_Sandor_a_min.jpg\" width=\"100%\"><\/td>\n    <\/tr>\n    <tr>\n        <td colspan=\"1\" height=\"40px\">\n            <b>Varga S\u00e1ndor<\/b>\n        <\/td>\n    <\/tr>\n<\/table>\n","protected":false},"excerpt":{"rendered":"<p>B-B Szalay \u00c9va Iskolavezet\u0151 Buz\u00e1s-Bandi J\u00e1nos Iskolavezet\u0151 helyettes Zsatku Krisztina \u00dcgyint\u00e9z\u0151 \u00dcdv\u00f6zl\u00f6m az aut\u00f3siskola honlapj\u00e1ra l\u00e1togat\u00f3kat! Az aut\u00f3siskola 2003 okt\u00f3ber\u00e9ben alakult, 14 \u00e9ves szakmai tapasztalat ut\u00e1n. Az eltelt \u00e9vek alatt jelent\u0151s v\u00e1ltoztat\u00e1sokkal \u00e9s fejleszt\u00e9sekkel n\u00f6velt\u00fck a szolg\u00e1ltat\u00e1s sz\u00ednvonal\u00e1t, figyelve tanul\u00f3ink \u00e9s \u00e9rdekl\u0151d\u0151ink korrekt t\u00e1j\u00e9koztat\u00e1s\u00e1ra. A tanfolyamra jelentkez\u0151k sz\u00e1ma az \u00e9vek sor\u00e1n egyre jobban emelkedik. Sz\u00e1munkra&hellip;<\/p>\n","protected":false},"author":2,"featured_media":1560,"parent":0,"menu_order":0,"comment_status":"closed","ping_status":"closed","template":"","meta":{"om_disable_all_campaigns":false,"_monsterinsights_skip_tracking":false,"_monsterinsights_sitenote_active":false,"_monsterinsights_sitenote_note":"","_monsterinsights_sitenote_category":0,"footnotes":""},"class_list":["post-1531","page","type-page","status-publish","has-post-thumbnail","hentry"],"aioseo_notices":[],"_links":{"self":[{"href":"https:\/\/szalayautosiskola.hu\/site\/wp-json\/wp\/v2\/pages\/1531","targetHints":{"allow":["GET"]}}],"collection":[{"href":"https:\/\/szalayautosiskola.hu\/site\/wp-json\/wp\/v2\/pages"}],"about":[{"href":"https:\/\/szalayautosiskola.hu\/site\/wp-json\/wp\/v2\/types\/page"}],"author":[{"embeddable":true,"href":"https:\/\/szalayautosiskola.hu\/site\/wp-json\/wp\/v2\/users\/2"}],"replies":[{"embeddable":true,"href":"https:\/\/szalayautosiskola.hu\/site\/wp-json\/wp\/v2\/comments?post=1531"}],"version-history":[{"count":31,"href":"https:\/\/szalayautosiskola.hu\/site\/wp-json\/wp\/v2\/pages\/1531\/revisions"}],"predecessor-version":[{"id":2579,"href":"https:\/\/szalayautosiskola.hu\/site\/wp-json\/wp\/v2\/pages\/1531\/revisions\/2579"}],"wp:featuredmedia":[{"embeddable":true,"href":"https:\/\/szalayautosiskola.hu\/site\/wp-json\/wp\/v2\/media\/1560"}],"wp:attachment":[{"href":"https:\/\/szalayautosiskola.hu\/site\/wp-json\/wp\/v2\/media?parent=1531"}],"curies":[{"name":"wp","href":"https:\/\/api.w.org\/{rel}","templated":true}]}}