{"id":2,"date":"2019-05-27T09:55:18","date_gmt":"2019-05-27T08:55:18","guid":{"rendered":"http:\/\/szalayautosiskola.hu\/site\/?page_id=2"},"modified":"2025-11-09T12:42:14","modified_gmt":"2025-11-09T11:42:14","slug":"index","status":"publish","type":"page","link":"https:\/\/szalayautosiskola.hu\/site\/","title":{"rendered":"C\u00edmlap"},"content":{"rendered":"\n\t\t\t\t<img loading=\"lazy\" decoding=\"async\" src=\"https:\/\/szalayautosiskola.hu\/site\/wp-content\/uploads\/2025\/10\/SZALAY_KATEGORIAK_BANNER.png\" alt=\"SZALAY AUT\u00d3SISKOLA\" itemprop=\"image\" height=\"850\" width=\"1600\" title=\"SZALAY_KATEGORIAK_BANNER\" onerror=\"this.style.display='none'\"  \/>\n<h1>\n\t\tKr\u00e9ta jogsis di\u00e1kok kedvezm\u00e9nyes k\u00e9pz\u00e9se\n\t<\/h1>\n\t\t\t<a href=\"https:\/\/szalayautosiskola.hu\/site\/kreta-ejogsi\/\" target=\"_self\" role=\"button\" rel=\"noopener\">\n\t\t\t\t\t\t\tB\u0150VEBBEN\n\t\t\t\t\t<\/a>\n<h1>\n\t\tE-learning k\u00e9pz\u00e9s (t\u00e1voktat\u00e1s) minden kateg\u00f3ri\u00e1ban\n\t<\/h1>\n<h1>\n\t\tONLINE jelentkez\u00e9ssel \u00e9s \u00fcgyint\u00e9z\u00e9ssel.\n\t<\/h1>\n\t\t\t\t<img decoding=\"async\" src=\"http:\/\/szalayautosiskola.hu\/site\/wp-content\/uploads\/2019\/06\/02-atlatszo.png\" alt=\"02 atlatszo\" itemprop=\"image\" title=\"02 atlatszo\" onerror=\"this.style.display='none'\"  \/>\n\t<h3>Az e-learning j\u00f3 v\u00e1laszt\u00e1s!<\/h3>\n<h3>NEKED!<\/h3>\n<h3>Szabads\u00e1g. rugalmass\u00e1g, hat\u00e9konys\u00e1g \u00e9s gyorsas\u00e1g egyben!<\/h3>\n<h3>Szabads\u00e1g mert nem vagy helyhez, id\u0151h\u00f6z k\u00f6tve. (b\u00e1rhonnan mobilr\u00f3l, tabletr\u0151l, laptopr\u00f3l, vagy asztali pc-r\u0151l)<\/h3>\n<h3>Rugalmass\u00e1g mert beillesztheted a napi rutinodba.<\/h3>\n<h3>Hat\u00e9konys\u00e1g, mert az akkredit\u00e1t tananyagot biztos\u00edtja a hivatalos vizsga k\u00e9rd\u00e9sbankal egy\u00fctt.<\/h3>\n<h3>Gyorsas\u00e1g mert gyorsan elv\u00e9gezhet\u0151, de ez rajtad is m\u00falik. hiszen TE osztod be az id\u0151det!<\/h3>\n\t\t\t<a href=\"http:\/\/szalayautosiskola.hu\/site\/e-learning-kategoria\/\" target=\"_self\" role=\"button\" rel=\"noopener\">\n\t\t\t\t\t\t\tTov\u00e1bb\n\t\t\t\t\t<\/a>\n<h1>\n\t\tK\u0151z\u00fati j\u00e1rm\u0171vezet\u0151i els\u0151seg\u00e9ly tanfolyam \u00e9s vizsga\n\t<\/h1>\n\t\t\t\t<img decoding=\"async\" src=\"http:\/\/szalayautosiskola.hu\/site\/wp-content\/uploads\/2019\/06\/02-atlatszo.png\" alt=\"02 atlatszo\" itemprop=\"image\" title=\"02 atlatszo\" onerror=\"this.style.display='none'\"  \/>\n\t<h3><strong>Az els\u0151seg\u00e9ly tanfolyam<br \/>\nonline fel\u00fcleten\u00a0 vehet\u0151 ig\u00e9nybe,<br \/>\nmelyet a kresz tanfolyam d\u00edja nem tartalmaz.<\/strong><\/h3>\n<!--\n<h3>(Aut\u00f3siskol\u00e1nkban havonta t\u00f6bbsz\u00f6r ind\u00edtunk els\u0151seg\u00e9ly tanfolyamot. Id\u0151pontok szombati napokon 09:00-15:30-ig. A r\u00e9sztvev\u0151k vizsg\u00e1j\u00e1t <\/h3>\n<h3>csoportosan megszervezz\u00fck a helyi v\u00f6r\u00f6skeresztn\u00e9l. A mentess\u00e9gek a tov\u00e1bbiakban megtekinthet\u0151k.)<\/h3>\n-->\n\t\t\t<a href=\"http:\/\/szalayautosiskola.hu\/site\/elsosegely-autosiskola\/\" target=\"_self\" role=\"button\" rel=\"noopener\">\n\t\t\t\t\t\t\tTov\u00e1bb\n\t\t\t\t\t<\/a>\n","protected":false},"excerpt":{"rendered":"<p>Kr\u00e9ta jogsis di\u00e1kok kedvezm\u00e9nyes k\u00e9pz\u00e9se B\u0150VEBBEN E-learning k\u00e9pz\u00e9s (t\u00e1voktat\u00e1s) minden kateg\u00f3ri\u00e1ban ONLINE jelentkez\u00e9ssel \u00e9s \u00fcgyint\u00e9z\u00e9ssel. Az e-learning j\u00f3 v\u00e1laszt\u00e1s! NEKED! Szabads\u00e1g. rugalmass\u00e1g, hat\u00e9konys\u00e1g \u00e9s gyorsas\u00e1g egyben! Szabads\u00e1g mert nem vagy helyhez, id\u0151h\u00f6z k\u00f6tve. (b\u00e1rhonnan mobilr\u00f3l, tabletr\u0151l, laptopr\u00f3l, vagy asztali pc-r\u0151l) Rugalmass\u00e1g mert beillesztheted a napi rutinodba. Hat\u00e9konys\u00e1g, mert az akkredit\u00e1t tananyagot biztos\u00edtja a hivatalos vizsga&hellip;<\/p>\n","protected":false},"author":1,"featured_media":2493,"parent":0,"menu_order":0,"comment_status":"closed","ping_status":"closed","template":"","meta":{"om_disable_all_campaigns":false,"_monsterinsights_skip_tracking":false,"_monsterinsights_sitenote_active":false,"_monsterinsights_sitenote_note":"","_monsterinsights_sitenote_category":0,"footnotes":""},"class_list":["post-2","page","type-page","status-publish","has-post-thumbnail","hentry"],"aioseo_notices":[],"_links":{"self":[{"href":"https:\/\/szalayautosiskola.hu\/site\/wp-json\/wp\/v2\/pages\/2","targetHints":{"allow":["GET"]}}],"collection":[{"href":"https:\/\/szalayautosiskola.hu\/site\/wp-json\/wp\/v2\/pages"}],"about":[{"href":"https:\/\/szalayautosiskola.hu\/site\/wp-json\/wp\/v2\/types\/page"}],"author":[{"embeddable":true,"href":"https:\/\/szalayautosiskola.hu\/site\/wp-json\/wp\/v2\/users\/1"}],"replies":[{"embeddable":true,"href":"https:\/\/szalayautosiskola.hu\/site\/wp-json\/wp\/v2\/comments?post=2"}],"version-history":[{"count":105,"href":"https:\/\/szalayautosiskola.hu\/site\/wp-json\/wp\/v2\/pages\/2\/revisions"}],"predecessor-version":[{"id":2544,"href":"https:\/\/szalayautosiskola.hu\/site\/wp-json\/wp\/v2\/pages\/2\/revisions\/2544"}],"wp:featuredmedia":[{"embeddable":true,"href":"https:\/\/szalayautosiskola.hu\/site\/wp-json\/wp\/v2\/media\/2493"}],"wp:attachment":[{"href":"https:\/\/szalayautosiskola.hu\/site\/wp-json\/wp\/v2\/media?parent=2"}],"curies":[{"name":"wp","href":"https:\/\/api.w.org\/{rel}","templated":true}]}}