{"id":2427,"date":"2025-10-19T09:13:07","date_gmt":"2025-10-19T08:13:07","guid":{"rendered":"https:\/\/szalayautosiskola.hu\/site\/?page_id=2427"},"modified":"2026-01-05T12:42:12","modified_gmt":"2026-01-05T11:42:12","slug":"kreta-ejogsi","status":"publish","type":"page","link":"https:\/\/szalayautosiskola.hu\/site\/kreta-ejogsi\/","title":{"rendered":"KR\u00c9TAJOGSI"},"content":{"rendered":"\n\t\t\t\t<img loading=\"lazy\" decoding=\"async\" src=\"https:\/\/szalayautosiskola.hu\/site\/wp-content\/uploads\/2025\/11\/kretajogsi.png\" alt=\"Kr\u00e9ta eJogsi\" itemprop=\"image\" height=\"515\" width=\"1000\" title=\"kretajogsi\" onerror=\"this.style.display='none'\"  \/>\n\t<h2>Halih\u00f3 KR\u00c9TA Jogsis!<\/H2>\n<h3><strong>GRATUL\u00c1LOK, HOGY SIKERES VIZSG\u00c1T TETT\u00c9L K\u00d6ZLEKED\u00c9SI ISMERETEKB\u0150L!<\/strong><\/h3>\n<h3>Ennek \u00f6r\u00f6m\u00e9re akci\u00f3zunk!!!<\/h3>\n<h4>\n<ul>\n<li>Iskol\u00e1nk 30.000 Ft-ot elenged a gyakorlati k\u00e9pz\u00e9s d\u00edj\u00e1b\u00f3l,<br \/>12.000 Ft\/\u00f3ra helyett 11.000 Ft\/\u00f3r\u00e1ba fog ker\u00fclni a vezet\u00e9si d\u00edjad ( 30 \u00f3ra k\u00f6telez\u0151 minimum \u00f3rasz\u00e1m )<\/li>\n<li>Nincs \u00e1thelyez\u00e9si d\u00edj!<\/li>\n<li>Nincs vizsgaszervez\u00e9si d\u00edj!<\/li>\n<li>Nincs a kora reggeli vagy k\u00e9s\u0151 d\u00e9lut\u00e1ni oktat\u00e1s\u00e9rt fel\u00e1r!<\/li>\n<li>Nincs h\u00e9tv\u00e9gi vezet\u00e9s\u00e9rt emelt \u00f3rad\u00edj!<\/li>\n<\/ul>\n<\/h4>\n<h3>Egyszer\u0171s\u00edtett \u00fcgyint\u00e9z\u00e9s: <br \/>Csak hozd be az aut\u00f3siskol\u00e1nkba k\u00e9pz\u00e9si igazol\u00e1sod \u00e9s a t\u00f6bbit mi int\u00e9zz\u00fck!<\/h3>\n\t<h4><strong>EGY KIS SEG\u00cdTS\u00c9G A K\u00c9PZ\u00c9SI IGAZOL\u00c1S LET\u00d6LT\u00c9S\u00c9HEZ<\/strong><\/h4>\n<h4>L\u00e9p\u00e9sek:<br \/>\n&#8211; b\u00f6ng\u00e9sz\u0151ben nyisd meg a digit\u00e1lis kollabor\u00e1ci\u00f3s teret -> <a href=\"https:\/\/idp.e-kreta.hu\/Account\/Login?ReturnUrl=%2Fconnect%2Fauthorize%2Fcallback%3Fresponse_type%3Dcode%26client_id%3Dkreta-dkttanulo-js-web%26state%3DbXBPWnd0WVNoZlIwOElleUVsTG5DOG1BNUFfOGFwenh5QVJCMEFZdHU4d19O%26redirect_uri%3Dhttps%253A%252F%252Fdkttanulo.e-kreta.hu%26scope%3Dkreta-dkt-webapi.public%2520openid%2520kreta-global-tananyagtar-webapi.public%2520kreta-elearning-webapi.public%2520kreta-fileservice-webapi.public%26code_challenge%3D-Jp-ALk_F-T8XLBfgVWd-tge0mne_j71CUKRkYturzA%26code_challenge_method%3DS256%26nonce%3DbXBPWnd0WVNoZlIwOElleUVsTG5DOG1BNUFfOGFwenh5QVJCMEFZdHU4d19O\" rel=\"noopener\" target=\"_blank\" color=\"white\"><strong>eJogsi<\/strong><\/a><br \/>\n&#8211; elm\u00e9leti k\u00e9pz\u00e9sek \/ gyakorlati k\u00e9pz\u0151szerv v\u00e1laszt\u00e1s \/ Szalay Aut\u00f3siskola<br \/>\n&#8211; dokumentum let\u00f6lt\u00e9se (k\u00e9pz\u00e9si igazol\u00e1s)<br \/>\n&#8211; p\u00e1r perc m\u00falva megjelenik, melyet nyomtass ki<br \/>\n<h\/4>\n<h4>\nHozd be az aut\u00f3siskol\u00e1ba, fizesd be a vezet\u00e9si d\u00edj  els\u0151 r\u00e9szlet\u00e9t \u00e9s p\u00e1r nap m\u00falva vezethetsz is.<br \/>\nVezet\u00e9si d\u00edjad <strong>NEM EMELT<\/strong> d\u00edjas az <strong>\u00c1THELYEZETT TANUL\u00d3K<\/strong> \u00f3rad\u00edj\u00e1t fizeted.\n<p>Iskol\u00e1nkn\u00e1l nincs vizsgaszervez\u00e9si d\u00edj, sem befogad\u00e1si d\u00edj!<\/p>\nKedves \u00e9s t\u00fcrelmes \u00fcgyint\u00e9z\u0151vel , oktat\u00f3kkal v\u00e1runk.<br \/>\n<\/h4>\n\t<h3><strong>V\u00e1runk szeretettel t\u00fcrelmes oktat\u00f3inkkal!<\/strong><\/h3>\n\t\t\t<a href=\"https:\/\/szalayautosiskola.hu\/site\/oktatoink\/\" target=\"_self\" role=\"button\">\n\t\t\t\t\t\t\tOKTAT\u00d3INK\n\t\t\t\t\t<\/a>\n","protected":false},"excerpt":{"rendered":"<p>Halih\u00f3 KR\u00c9TA Jogsis! GRATUL\u00c1LOK, HOGY SIKERES VIZSG\u00c1T TETT\u00c9L K\u00d6ZLEKED\u00c9SI ISMERETEKB\u0150L! Ennek \u00f6r\u00f6m\u00e9re akci\u00f3zunk!!! Iskol\u00e1nk 30.000 Ft-ot elenged a gyakorlati k\u00e9pz\u00e9s d\u00edj\u00e1b\u00f3l,12.000 Ft\/\u00f3ra helyett 11.000 Ft\/\u00f3r\u00e1ba fog ker\u00fclni a vezet\u00e9si d\u00edjad ( 30 \u00f3ra k\u00f6telez\u0151 minimum \u00f3rasz\u00e1m ) Nincs \u00e1thelyez\u00e9si d\u00edj! Nincs vizsgaszervez\u00e9si d\u00edj! Nincs a kora reggeli vagy k\u00e9s\u0151 d\u00e9lut\u00e1ni oktat\u00e1s\u00e9rt fel\u00e1r! Nincs h\u00e9tv\u00e9gi vezet\u00e9s\u00e9rt&hellip;<\/p>\n","protected":false},"author":2,"featured_media":2523,"parent":0,"menu_order":0,"comment_status":"closed","ping_status":"closed","template":"","meta":{"om_disable_all_campaigns":false,"_monsterinsights_skip_tracking":false,"_monsterinsights_sitenote_active":false,"_monsterinsights_sitenote_note":"","_monsterinsights_sitenote_category":0,"footnotes":""},"class_list":["post-2427","page","type-page","status-publish","has-post-thumbnail","hentry"],"aioseo_notices":[],"_links":{"self":[{"href":"https:\/\/szalayautosiskola.hu\/site\/wp-json\/wp\/v2\/pages\/2427","targetHints":{"allow":["GET"]}}],"collection":[{"href":"https:\/\/szalayautosiskola.hu\/site\/wp-json\/wp\/v2\/pages"}],"about":[{"href":"https:\/\/szalayautosiskola.hu\/site\/wp-json\/wp\/v2\/types\/page"}],"author":[{"embeddable":true,"href":"https:\/\/szalayautosiskola.hu\/site\/wp-json\/wp\/v2\/users\/2"}],"replies":[{"embeddable":true,"href":"https:\/\/szalayautosiskola.hu\/site\/wp-json\/wp\/v2\/comments?post=2427"}],"version-history":[{"count":26,"href":"https:\/\/szalayautosiskola.hu\/site\/wp-json\/wp\/v2\/pages\/2427\/revisions"}],"predecessor-version":[{"id":2577,"href":"https:\/\/szalayautosiskola.hu\/site\/wp-json\/wp\/v2\/pages\/2427\/revisions\/2577"}],"wp:featuredmedia":[{"embeddable":true,"href":"https:\/\/szalayautosiskola.hu\/site\/wp-json\/wp\/v2\/media\/2523"}],"wp:attachment":[{"href":"https:\/\/szalayautosiskola.hu\/site\/wp-json\/wp\/v2\/media?parent=2427"}],"curies":[{"name":"wp","href":"https:\/\/api.w.org\/{rel}","templated":true}]}}